{"id":711,"date":"2023-03-16T22:05:56","date_gmt":"2023-03-16T21:05:56","guid":{"rendered":"https:\/\/avipa.es\/servicio\/casal-destiu\/"},"modified":"2025-02-06T13:29:03","modified_gmt":"2025-02-06T12:29:03","slug":"casal-estiu-avipa-escola-concepcionistas-barcelona","status":"publish","type":"servicio","link":"https:\/\/avipa.es\/ca\/servicio\/casal-estiu-avipa-escola-concepcionistas-barcelona\/","title":{"rendered":"Casal d&#8217;estiu"},"content":{"rendered":"\n<p class=\"has-text-align-center\"><strong>Programa d\u2019Activitats de qualitat i amb un alt valor educatiu.\u00a0<\/strong><br><strong>Dissenyat, gestionat i dirigit\u00a0per AVIPA, juntament amb l\u2019escola.\u00a0<\/strong><br><strong>Equip hum\u00e0 creat per professionals formats a l\u2019escola.<\/strong><br><strong>Alt nivell de coneixement dels alumnes.<\/strong><br><strong>Continu\u00eftat del Projecte Educatiu.<\/strong><\/p>\n\n\n\n<p><strong>Casal d\u2019Estiu per Infantil i Prim\u00e0ria:\u00a0<\/strong><br>Enguany ens plantegem el Casal com un nou repte i una necessitat per a totes les fam\u00edlies de l\u2019escola. Despr\u00e9s de l\u2019\u00e8xit de cada any, volem seguir oferint aquest projecte que tanta il\u00b7lusi\u00f3 ens fa i poder fer feli\u00e7 a tots els nens i nenes que formen part.\u00a0<\/p>\n\n\n\n<p><strong>Casal d\u2019Estiu per la Secund\u00e0ria (des de 1r d\u2019ESO fins a 4t d\u2019ESO):<\/strong><br>De la mateixa manera, farem el possible perqu\u00e8 el Casal d\u2019estiu de Secund\u00e0ria es dugui a terme amb les activitats que es feien anys anteriors. <strong>\u00a0Aquestes es realitzaran sempre fora de l\u2019escola.<\/strong><\/p>\n\n\n\n<p><strong>MP\u2019s Casal d\u2019Estiu (1r i\u00a0 2n Batxillerat): <\/strong><br>Un dels punts positius m\u00e9s importants del nostre projecte \u00e9s la participaci\u00f3 dels <em>grans<\/em> de l\u2019escola com a premonitors del Casal. Ens agrada molt poder comptar amb ells\/es i que puguin viure el Casal des d\u2019un <strong>punt de vista organitzatiu i orientat a la formaci\u00f3.<\/strong><\/p>\n\n\n\n<p>Per a con\u00e9ixer la Pol\u00edtica del Casal, click <a href=\"https:\/\/avipa.es\/ca\/politica-del-casal\/\" target=\"_blank\" rel=\"noreferrer noopener\"><mark style=\"background-color: rgba(0, 0, 0, 0);\" class=\"has-inline-color has-luminous-vivid-orange-color\">aqu\u00ed<\/mark><\/a>. <br><br>Per a inscriure&#8217;t, sisplau, click <mark style=\"background-color: rgba(0, 0, 0, 0);\" class=\"has-inline-color has-luminous-vivid-orange-color\"><a href=\"https:\/\/avipa.es\/ca\/producte\/casal-destiu-2\/\">aqu\u00ed<\/a>.<\/mark><\/p>\n\n\n\n<p><\/p>\n","protected":false},"featured_media":637,"parent":0,"template":"","tipo-de-servicio":[62],"class_list":["post-711","servicio","type-servicio","status-publish","has-post-thumbnail","hentry","tipo-de-servicio-casal-estiu-ca"],"yoast_head":"<!-- This site is optimized with the Yoast SEO plugin v27.5 - https:\/\/yoast.com\/product\/yoast-seo-wordpress\/ -->\n<title>Casal d&#039;estiu - AVIPA<\/title>\n<meta name=\"description\" content=\"El millor Casal d&#039;Estiu de Barcelona gestionat per AVIPA t&#039;espera. Vine a gaudir del Casal a l&#039;escola Concepcionistes de la pla\u00e7a Lesseps.\" \/>\n<meta name=\"robots\" content=\"index, follow, max-snippet:-1, max-image-preview:large, max-video-preview:-1\" \/>\n<link rel=\"canonical\" href=\"https:\/\/avipa.es\/ca\/servicio\/casal-estiu-avipa-escola-concepcionistas-barcelona\/\" \/>\n<meta property=\"og:locale\" content=\"ca_ES\" \/>\n<meta property=\"og:type\" content=\"article\" \/>\n<meta property=\"og:title\" content=\"Casal d&#039;estiu - AVIPA\" \/>\n<meta property=\"og:description\" content=\"El millor Casal d&#039;Estiu de Barcelona gestionat per AVIPA t&#039;espera. Vine a gaudir del Casal a l&#039;escola Concepcionistes de la pla\u00e7a Lesseps.\" \/>\n<meta property=\"og:url\" content=\"https:\/\/avipa.es\/ca\/servicio\/casal-estiu-avipa-escola-concepcionistas-barcelona\/\" \/>\n<meta property=\"og:site_name\" content=\"AVIPA\" \/>\n<meta property=\"article:modified_time\" content=\"2025-02-06T12:29:03+00:00\" \/>\n<meta property=\"og:image\" content=\"https:\/\/avipa.es\/wp-content\/uploads\/2023\/06\/IMG_2723-1.jpg\" \/>\n\t<meta property=\"og:image:width\" content=\"1920\" \/>\n\t<meta property=\"og:image:height\" content=\"1080\" \/>\n\t<meta property=\"og:image:type\" content=\"image\/jpeg\" \/>\n<meta name=\"twitter:card\" content=\"summary_large_image\" \/>\n<meta name=\"twitter:label1\" content=\"Temps estimat de lectura\" \/>\n\t<meta name=\"twitter:data1\" content=\"2 minuts\" \/>\n<script type=\"application\/ld+json\" class=\"yoast-schema-graph\">{\"@context\":\"https:\\\/\\\/schema.org\",\"@graph\":[{\"@type\":\"WebPage\",\"@id\":\"https:\\\/\\\/avipa.es\\\/ca\\\/servicio\\\/casal-estiu-avipa-escola-concepcionistas-barcelona\\\/\",\"url\":\"https:\\\/\\\/avipa.es\\\/ca\\\/servicio\\\/casal-estiu-avipa-escola-concepcionistas-barcelona\\\/\",\"name\":\"Casal d'estiu - AVIPA\",\"isPartOf\":{\"@id\":\"https:\\\/\\\/avipa.es\\\/ca\\\/#website\"},\"primaryImageOfPage\":{\"@id\":\"https:\\\/\\\/avipa.es\\\/ca\\\/servicio\\\/casal-estiu-avipa-escola-concepcionistas-barcelona\\\/#primaryimage\"},\"image\":{\"@id\":\"https:\\\/\\\/avipa.es\\\/ca\\\/servicio\\\/casal-estiu-avipa-escola-concepcionistas-barcelona\\\/#primaryimage\"},\"thumbnailUrl\":\"https:\\\/\\\/avipa.es\\\/wp-content\\\/uploads\\\/2023\\\/06\\\/IMG_2723-1.jpg\",\"datePublished\":\"2023-03-16T21:05:56+00:00\",\"dateModified\":\"2025-02-06T12:29:03+00:00\",\"description\":\"El millor Casal d'Estiu de Barcelona gestionat per AVIPA t'espera. Vine a gaudir del Casal a l'escola Concepcionistes de la pla\u00e7a Lesseps.\",\"breadcrumb\":{\"@id\":\"https:\\\/\\\/avipa.es\\\/ca\\\/servicio\\\/casal-estiu-avipa-escola-concepcionistas-barcelona\\\/#breadcrumb\"},\"inLanguage\":\"ca\",\"potentialAction\":[{\"@type\":\"ReadAction\",\"target\":[\"https:\\\/\\\/avipa.es\\\/ca\\\/servicio\\\/casal-estiu-avipa-escola-concepcionistas-barcelona\\\/\"]}]},{\"@type\":\"ImageObject\",\"inLanguage\":\"ca\",\"@id\":\"https:\\\/\\\/avipa.es\\\/ca\\\/servicio\\\/casal-estiu-avipa-escola-concepcionistas-barcelona\\\/#primaryimage\",\"url\":\"https:\\\/\\\/avipa.es\\\/wp-content\\\/uploads\\\/2023\\\/06\\\/IMG_2723-1.jpg\",\"contentUrl\":\"https:\\\/\\\/avipa.es\\\/wp-content\\\/uploads\\\/2023\\\/06\\\/IMG_2723-1.jpg\",\"width\":1920,\"height\":1080},{\"@type\":\"BreadcrumbList\",\"@id\":\"https:\\\/\\\/avipa.es\\\/ca\\\/servicio\\\/casal-estiu-avipa-escola-concepcionistas-barcelona\\\/#breadcrumb\",\"itemListElement\":[{\"@type\":\"ListItem\",\"position\":1,\"name\":\"Portada\",\"item\":\"https:\\\/\\\/avipa.es\\\/ca\\\/\"},{\"@type\":\"ListItem\",\"position\":2,\"name\":\"Servicios\",\"item\":\"https:\\\/\\\/avipa.es\\\/ca\\\/servicio\\\/\"},{\"@type\":\"ListItem\",\"position\":3,\"name\":\"Casal d&#8217;estiu\"}]},{\"@type\":\"WebSite\",\"@id\":\"https:\\\/\\\/avipa.es\\\/ca\\\/#website\",\"url\":\"https:\\\/\\\/avipa.es\\\/ca\\\/\",\"name\":\"AVIPA\",\"description\":\"Actividades extraescolares para ni\u00f1os\",\"potentialAction\":[{\"@type\":\"SearchAction\",\"target\":{\"@type\":\"EntryPoint\",\"urlTemplate\":\"https:\\\/\\\/avipa.es\\\/ca\\\/?s={search_term_string}\"},\"query-input\":{\"@type\":\"PropertyValueSpecification\",\"valueRequired\":true,\"valueName\":\"search_term_string\"}}],\"inLanguage\":\"ca\"}]}<\/script>\n<!-- \/ Yoast SEO plugin. -->","yoast_head_json":{"title":"Casal d'estiu - AVIPA","description":"El millor Casal d'Estiu de Barcelona gestionat per AVIPA t'espera. Vine a gaudir del Casal a l'escola Concepcionistes de la pla\u00e7a Lesseps.","robots":{"index":"index","follow":"follow","max-snippet":"max-snippet:-1","max-image-preview":"max-image-preview:large","max-video-preview":"max-video-preview:-1"},"canonical":"https:\/\/avipa.es\/ca\/servicio\/casal-estiu-avipa-escola-concepcionistas-barcelona\/","og_locale":"ca_ES","og_type":"article","og_title":"Casal d'estiu - AVIPA","og_description":"El millor Casal d'Estiu de Barcelona gestionat per AVIPA t'espera. Vine a gaudir del Casal a l'escola Concepcionistes de la pla\u00e7a Lesseps.","og_url":"https:\/\/avipa.es\/ca\/servicio\/casal-estiu-avipa-escola-concepcionistas-barcelona\/","og_site_name":"AVIPA","article_modified_time":"2025-02-06T12:29:03+00:00","og_image":[{"width":1920,"height":1080,"url":"https:\/\/avipa.es\/wp-content\/uploads\/2023\/06\/IMG_2723-1.jpg","type":"image\/jpeg"}],"twitter_card":"summary_large_image","twitter_misc":{"Temps estimat de lectura":"2 minuts"},"schema":{"@context":"https:\/\/schema.org","@graph":[{"@type":"WebPage","@id":"https:\/\/avipa.es\/ca\/servicio\/casal-estiu-avipa-escola-concepcionistas-barcelona\/","url":"https:\/\/avipa.es\/ca\/servicio\/casal-estiu-avipa-escola-concepcionistas-barcelona\/","name":"Casal d'estiu - AVIPA","isPartOf":{"@id":"https:\/\/avipa.es\/ca\/#website"},"primaryImageOfPage":{"@id":"https:\/\/avipa.es\/ca\/servicio\/casal-estiu-avipa-escola-concepcionistas-barcelona\/#primaryimage"},"image":{"@id":"https:\/\/avipa.es\/ca\/servicio\/casal-estiu-avipa-escola-concepcionistas-barcelona\/#primaryimage"},"thumbnailUrl":"https:\/\/avipa.es\/wp-content\/uploads\/2023\/06\/IMG_2723-1.jpg","datePublished":"2023-03-16T21:05:56+00:00","dateModified":"2025-02-06T12:29:03+00:00","description":"El millor Casal d'Estiu de Barcelona gestionat per AVIPA t'espera. Vine a gaudir del Casal a l'escola Concepcionistes de la pla\u00e7a Lesseps.","breadcrumb":{"@id":"https:\/\/avipa.es\/ca\/servicio\/casal-estiu-avipa-escola-concepcionistas-barcelona\/#breadcrumb"},"inLanguage":"ca","potentialAction":[{"@type":"ReadAction","target":["https:\/\/avipa.es\/ca\/servicio\/casal-estiu-avipa-escola-concepcionistas-barcelona\/"]}]},{"@type":"ImageObject","inLanguage":"ca","@id":"https:\/\/avipa.es\/ca\/servicio\/casal-estiu-avipa-escola-concepcionistas-barcelona\/#primaryimage","url":"https:\/\/avipa.es\/wp-content\/uploads\/2023\/06\/IMG_2723-1.jpg","contentUrl":"https:\/\/avipa.es\/wp-content\/uploads\/2023\/06\/IMG_2723-1.jpg","width":1920,"height":1080},{"@type":"BreadcrumbList","@id":"https:\/\/avipa.es\/ca\/servicio\/casal-estiu-avipa-escola-concepcionistas-barcelona\/#breadcrumb","itemListElement":[{"@type":"ListItem","position":1,"name":"Portada","item":"https:\/\/avipa.es\/ca\/"},{"@type":"ListItem","position":2,"name":"Servicios","item":"https:\/\/avipa.es\/ca\/servicio\/"},{"@type":"ListItem","position":3,"name":"Casal d&#8217;estiu"}]},{"@type":"WebSite","@id":"https:\/\/avipa.es\/ca\/#website","url":"https:\/\/avipa.es\/ca\/","name":"AVIPA","description":"Actividades extraescolares para ni\u00f1os","potentialAction":[{"@type":"SearchAction","target":{"@type":"EntryPoint","urlTemplate":"https:\/\/avipa.es\/ca\/?s={search_term_string}"},"query-input":{"@type":"PropertyValueSpecification","valueRequired":true,"valueName":"search_term_string"}}],"inLanguage":"ca"}]}},"meta_box":{"servicios-de-colegios_to":[717]},"_links":{"self":[{"href":"https:\/\/avipa.es\/ca\/wp-json\/wp\/v2\/servicio\/711","targetHints":{"allow":["GET"]}}],"collection":[{"href":"https:\/\/avipa.es\/ca\/wp-json\/wp\/v2\/servicio"}],"about":[{"href":"https:\/\/avipa.es\/ca\/wp-json\/wp\/v2\/types\/servicio"}],"wp:featuredmedia":[{"embeddable":true,"href":"https:\/\/avipa.es\/ca\/wp-json\/wp\/v2\/media\/637"}],"wp:attachment":[{"href":"https:\/\/avipa.es\/ca\/wp-json\/wp\/v2\/media?parent=711"}],"wp:term":[{"taxonomy":"tipo-de-servicio","embeddable":true,"href":"https:\/\/avipa.es\/ca\/wp-json\/wp\/v2\/tipo-de-servicio?post=711"}],"curies":[{"name":"wp","href":"https:\/\/api.w.org\/{rel}","templated":true}]}}

<p class="has-text-align-center"><strong>Programa d’Activitats de qualitat i amb un alt valor educatiu. </strong><br><strong>Dissenyat, gestionat i dirigit per AVIPA, juntament amb l’escola. </strong><br><strong>Equip humà creat per professionals formats a l’escola.</strong><br><strong>Alt nivell de coneixement dels alumnes.</strong><br><strong>Continuïtat del Projecte Educatiu.</strong></p>



<p><strong>Casal d’Estiu per Infantil i Primària: </strong><br>Enguany ens plantegem el Casal com un nou repte i una necessitat per a totes les famílies de l’escola. Després de l’èxit de cada any, volem seguir oferint aquest projecte que tanta il·lusió ens fa i poder fer feliç a tots els nens i nenes que formen part. </p>



<p><strong>Casal d’Estiu per la Secundària (des de 1r d’ESO fins a 4t d’ESO):</strong><br>De la mateixa manera, farem el possible perquè el Casal d’estiu de Secundària es dugui a terme amb les activitats que es feien anys anteriors. <strong> Aquestes es realitzaran sempre fora de l’escola.</strong></p>



<p><strong>MP’s Casal d’Estiu (1r i  2n Batxillerat): </strong><br>Un dels punts positius més importants del nostre projecte és la participació dels <em>grans</em> de l’escola com a premonitors del Casal. Ens agrada molt poder comptar amb ells/es i que puguin viure el Casal des d’un <strong>punt de vista organitzatiu i orientat a la formació.</strong></p>



<p>Per a conéixer la Política del Casal, click <a href="https://avipa.es/ca/politica-del-casal/" target="_blank" rel="noreferrer noopener"><mark style="background-color: rgba(0, 0, 0, 0);" class="has-inline-color has-luminous-vivid-orange-color">aquí</mark></a>. <br><br>Per a inscriure&#8217;t, sisplau, click <mark style="background-color: rgba(0, 0, 0, 0);" class="has-inline-color has-luminous-vivid-orange-color"><a href="https://avipa.es/ca/producte/casal-destiu-2/">aquí</a>.</mark></p>



<p></p>

<!-- This site is optimized with the Yoast SEO plugin v27.5 - https://yoast.com/product/yoast-seo-wordpress/ -->
<title>Casal d&#039;estiu - AVIPA</title>
<meta name="description" content="El millor Casal d&#039;Estiu de Barcelona gestionat per AVIPA t&#039;espera. Vine a gaudir del Casal a l&#039;escola Concepcionistes de la plaça Lesseps." />
<meta name="robots" content="index, follow, max-snippet:-1, max-image-preview:large, max-video-preview:-1" />
<link rel="canonical" href="https://avipa.es/ca/servicio/casal-estiu-avipa-escola-concepcionistas-barcelona/" />
<meta property="og:locale" content="ca_ES" />
<meta property="og:type" content="article" />
<meta property="og:title" content="Casal d&#039;estiu - AVIPA" />
<meta property="og:description" content="El millor Casal d&#039;Estiu de Barcelona gestionat per AVIPA t&#039;espera. Vine a gaudir del Casal a l&#039;escola Concepcionistes de la plaça Lesseps." />
<meta property="og:url" content="https://avipa.es/ca/servicio/casal-estiu-avipa-escola-concepcionistas-barcelona/" />
<meta property="og:site_name" content="AVIPA" />
<meta property="article:modified_time" content="2025-02-06T12:29:03+00:00" />
<meta property="og:image" content="https://avipa.es/wp-content/uploads/2023/06/IMG_2723-1.jpg" />
	<meta property="og:image:width" content="1920" />
	<meta property="og:image:height" content="1080" />
	<meta property="og:image:type" content="image/jpeg" />
<meta name="twitter:card" content="summary_large_image" />
<meta name="twitter:label1" content="Temps estimat de lectura" />
	<meta name="twitter:data1" content="2 minuts" />
<script type="application/ld+json" class="yoast-schema-graph">{"@context":"https:\/\/schema.org","@graph":[{"@type":"WebPage","@id":"https:\/\/avipa.es\/ca\/servicio\/casal-estiu-avipa-escola-concepcionistas-barcelona\/","url":"https:\/\/avipa.es\/ca\/servicio\/casal-estiu-avipa-escola-concepcionistas-barcelona\/","name":"Casal d'estiu - AVIPA","isPartOf":{"@id":"https:\/\/avipa.es\/ca\/#website"},"primaryImageOfPage":{"@id":"https:\/\/avipa.es\/ca\/servicio\/casal-estiu-avipa-escola-concepcionistas-barcelona\/#primaryimage"},"image":{"@id":"https:\/\/avipa.es\/ca\/servicio\/casal-estiu-avipa-escola-concepcionistas-barcelona\/#primaryimage"},"thumbnailUrl":"https:\/\/avipa.es\/wp-content\/uploads\/2023\/06\/IMG_2723-1.jpg","datePublished":"2023-03-16T21:05:56+00:00","dateModified":"2025-02-06T12:29:03+00:00","description":"El millor Casal d'Estiu de Barcelona gestionat per AVIPA t'espera. Vine a gaudir del Casal a l'escola Concepcionistes de la plaça Lesseps.","breadcrumb":{"@id":"https:\/\/avipa.es\/ca\/servicio\/casal-estiu-avipa-escola-concepcionistas-barcelona\/#breadcrumb"},"inLanguage":"ca","potentialAction":[{"@type":"ReadAction","target":["https:\/\/avipa.es\/ca\/servicio\/casal-estiu-avipa-escola-concepcionistas-barcelona\/"]}]},{"@type":"ImageObject","inLanguage":"ca","@id":"https:\/\/avipa.es\/ca\/servicio\/casal-estiu-avipa-escola-concepcionistas-barcelona\/#primaryimage","url":"https:\/\/avipa.es\/wp-content\/uploads\/2023\/06\/IMG_2723-1.jpg","contentUrl":"https:\/\/avipa.es\/wp-content\/uploads\/2023\/06\/IMG_2723-1.jpg","width":1920,"height":1080},{"@type":"BreadcrumbList","@id":"https:\/\/avipa.es\/ca\/servicio\/casal-estiu-avipa-escola-concepcionistas-barcelona\/#breadcrumb","itemListElement":[{"@type":"ListItem","position":1,"name":"Portada","item":"https:\/\/avipa.es\/ca\/"},{"@type":"ListItem","position":2,"name":"Servicios","item":"https:\/\/avipa.es\/ca\/servicio\/"},{"@type":"ListItem","position":3,"name":"Casal d&#8217;estiu"}]},{"@type":"WebSite","@id":"https:\/\/avipa.es\/ca\/#website","url":"https:\/\/avipa.es\/ca\/","name":"AVIPA","description":"Actividades extraescolares para niños","potentialAction":[{"@type":"SearchAction","target":{"@type":"EntryPoint","urlTemplate":"https:\/\/avipa.es\/ca\/?s={search_term_string}"},"query-input":{"@type":"PropertyValueSpecification","valueRequired":true,"valueName":"search_term_string"}}],"inLanguage":"ca"}]}</script>
<!-- / Yoast SEO plugin. -->

El millor Casal d'Estiu de Barcelona gestionat per AVIPA t'espera. Vine a gaudir del Casal a l'escola Concepcionistes de la plaça Lesseps.

Actividades extraescolares para niños
